(q) = -6*q + 2. Let r be a(3). Let w = 34 + r. Calculate the remainder when 53 is divided by w.
17
Suppose -23 = -4*k + 3*v + 56, 0 = v - 3. What is the remainder when 42 is divided by k?
20
Let u(n) = -n - 3. Let i be u(-6). Let a = 1 + 48. What is the remainder when a is divided by 1/((-1)/(-39)*i)?
10
Calculate the remainder when 79 is divided by (-32)/(-6)*45/12.
19
Let z = -3 + 9. Suppose -2*c = -0*c + 2*w - 32, 5*c - 115 = 2*w. What is the remainder when c is divided by z?
3
Let u(o) = -o**3 - o**2 + 3. Let b(n) = -4 + 3*n**2 - n**2 + 5*n - 3*n**2. Let r be b(4). Calculate the remainder when 5 is divided by u(r).
2
Let z be (-7)/5 - 4/(-10). Let y = z - -13. What is the remainder when 45 is divided by y?
9
Let d = -33 - -63. Calculate the remainder when d is divided by 11.
8
Calculate the remainder when 41 is divided by (-2)/(-6) + (0 - 222/(-9)).
16
Let v = 124 - 77. What is the remainder when v is divided by 25?
22
Suppose 4*c + 4*h + h = 163, 89 = 2*c + h. Calculate the remainder when c is divided by 12.
11
Suppose -4*q - d = -112, 0 = 3*q - d - 8 - 69. Calculate the remainder when q is divided by 18.
9
Suppose 3*l = 0, l + 2*l + 20 = 4*g. Suppose r - 4 = 2*h - 15, r + 26 = g*h. Calculate the remainder when 9 is divided by h.
4
Let y = 147 + -75. What is the remainder when y is divided by 25?
22
Suppose -2*t - 48 = -2*y + 26, 2*t = 3*y - 109. Suppose -5*a = -j - 184, -a + y = -0*a - 2*j. Calculate the remainder when a is divided by 13.
11
Let b = 199 - 109. What is the remainder when b is divided by 31?
28
What is the remainder when 54*1 - (1 - -4 - 2) is divided by 13?
12
Let d(s) = 6*s**2 - s + 2. Let p be d(1). Let u(y) = y + 6. What is the remainder when 25 is divided by u(p)?
12
Let u(x) = -x**2 + 12*x + 10. What is the remainder when 122 is divided by u(8)?
38
Calculate the remainder when 1/(4 - 171/43) is divided by 15.
13
Let v(q) = -q**3 + 6*q**2 + 7*q + 10. Calculate the remainder when 158 is divided by v(7).
8
Let v = 6 - -4. What is the remainder when 37 is divided by v?
7
Suppose 0 = -w - w - 4, -4*w = 2*o + 38. Let l be 6/2*6/9. Calculate the remainder when 29 is divided by (0 - 2)*o/l.
14
Let j = 27 - 17. Calculate the remainder when 18 is divided by j.
8
Suppose 32 - 14 = 2*u. Calculate the remainder when 286/u - 6/(-27) is divided by 11.
10
Suppose -12 = -3*q + 3. Calculate the remainder when 12 is divided by q.
2
Let d = -40 - -52. Calculate the remainder when d is divided by 5.
2
Suppose 4*t - 7*t = -45. Calculate the remainder when t is divided by 9.
6
Let i(n) = n**3 + 10*n**2 + 7*n - 10. Suppose -2*v - 3*v = -140. Calculate the remainder when v is divided by i(-9).
4
Let l(d) = -13*d - 45. What is the remainder when l(-6) is divided by 4?
1
Let b be (-3 + -3)/2 - -5. Suppose -b*a = 0, 2*y = 2*a - 3*a - 648. What is the remainder when 2/(-8) - y/16 is divided by 7?
6
Suppose -10 = 8*p - 7*p. Let k = 3 - p. What is the remainder when 37 is divided by k?
11
Let o be 2/(-3)*3 + 5. What is the remainder when ((-2)/o)/(6/(-216)) is divided by 13?
11
Suppose 4*c + 5*l - 44 = 0, 0*c = 5*c + l - 34. Suppose 0 = -i + 2*i - c. What is the remainder when 15 is divided by i?
3
Suppose -190 = 3*b - 8*b. Let h = b - 20. What is the remainder when 71 is divided by h?
17
Suppose 2*g - 3*z - 34 = 0, -3*g + 53 = -4*z - z. What is the remainder when g is divided by 4?
3
Suppose -3*b + 27 = 3. Suppose 12 + 45 = 2*h + f, -123 = -4*h + f. Calculate the remainder when h is divided by b.
6
Suppose 0 = 4*a + 26 - 78. What is the remainder when 114 is divided by a?
10
Let o be 31 + -2 - (-9)/3. Suppose -3*q - 2*q - 4*z = -78, 3*q - 5*z = o. What is the remainder when 40 is divided by q?
12
Let g(o) = o**3 + 1 - 11*o**3 + o**2 - 4*o - 2*o**3 + 6*o. Let i(u) = u**2 + 2*u - 1. Let r be i(-2). Calculate the remainder when 23 is divided by g(r).
11
Let s = 11 - 8. Suppose 2*g = -4*a + s*g, g - 8 = -4*a. Calculate the remainder when 5*(-1)/(-1)*a is divided by 2.
1
Suppose -5*p + 133 + 37 = 0. Suppose -3*i + 71 = -p. Calculate the remainder when i is divided by 9.
8
Let x = 4 - -2. Suppose o = 2*o - 15. Calculate the remainder when o is divided by x.
3
Suppose -12 = 7*a - 3*a. Let g be (-1*1)/(a/6). Suppose -i + 3*i - 32 = g*d, -i - 5*d + 34 = 0. What is the remainder when 56 is divided by i?
18
Let h(z) = -2*z + 23. Let l be h(10). Let f(p) = -7 + 2 + p + 3. What is the remainder when 2 is divided by f(l)?
0
Suppose -m + 5*q - 49 = 2*m, 45 = -5*m + q. Let x = 12 + m. Calculate the remainder when x is divided by 2.
0
Let h = 35 - 9. Suppose 0 = s + 2 - 11. Calculate the remainder when h is divided by s.
8
Suppose -j - 3 = -5. Suppose -j*q + 44 = -32. What is the remainder when q is divided by 13?
12
Suppose 3*r - 42 = -5*h, r - 17 = 4*h - 54. Let k(t) = -10*t - 7. Let c be k(-5). Let l = c - 9. What is the remainder when l is divided by h?
7
Suppose 0 = -3*s + 9 + 21. What is the remainder when s is divided by 6?
4
Let u(f) = f**3 + 8*f**2 + 4*f + 22. What is the remainder when u(-7) is divided by 15?
13
Suppose 4*j = 5*b - 0*b + 8, 0 = 3*b. Calculate the remainder when 10 is divided by j.
0
Suppose -3*s + 3*k = -6 - 6, 2*k - 10 = 0. Let a be ((-4)/(-2))/((-2)/(-40)). Suppose -3*n = -a - 38. What is the remainder when n is divided by s?
8
Suppose 4*l - 48 + 12 = 0. Suppose 0*a = -3*a + l. What is the remainder when 5 is divided by a?
2
Calculate the remainder when 34 is divided by 3 + 4 + -5 + 21.
11
Suppose -3*l = -0*l + 9, 3*v = -5*l - 9. Let b(c) = 3*c - 1. Calculate the remainder when 2/4 - (-25)/2 is divided by b(v).
3
Suppose -2*u = -3*i + 3*u + 4, 3*i + u + 8 = 0. Let g(q) = -q**2 - 6*q - 3. Let a(v) = -v + 17. Calculate the remainder when a(4) is divided by g(i).
3
Suppose 0 = -s + 31 + 36. What is the remainder when s is divided by 14?
11
Let q be (-33)/4 + (-5)/(-20). Calculate the remainder when q/(-4)*(9 - 1) is divided by 9.
7
Suppose 5*l - 5*u = -30, -3*u + 26 = -2*l + 9. Let o(s) = 106*s**2 - 108*s**2 + 0 + 1 - 32*s**3. What is the remainder when o(l) is divided by 16?
15
Let x = 66 - 32. Calculate the remainder when 101 is divided by x.
33
Let c(u) = -3*u**2 - 3*u + 2 + 3*u**3 - 2*u**3 + 0. Let g be c(4). Let z(i) = -i**2 + 7*i - 2. Calculate the remainder when 11 is divided by z(g).
3
Let k(r) be the third derivative of r**5/60 + r**4/24 + r**3/6 - r**2. Let o(p) = -p**2 - 20*p - 61. What is the remainder when o(-14) is divided by k(-4)?
10
Calculate the remainder when 12 is divided by (-4)/(-5 + 1)*6.
0
Let b = -8 - -17. Calculate the remainder when 17 is divided by b.
8
Suppose 4*j - 2*a = j + 167, 0 = -4*j + 3*a + 221. What is the remainder when j is divided by 17?
8
Suppose -12 = -3*t, -5*t = 2*q - 0*q - 58. What is the remainder when 34 is divided by q?
15
Let i(n) be the second derivative of -n**4/12 - 3*n**3/2 - n**2/2 - 7*n. What is the remainder when 36 is divided by i(-7)?
10
Let u be (-2)/(-5) - (-694)/(-10). Let l = -46 - u. What is the remainder when l is divided by 13?
10
Suppose -2*b + 145 = 3*t, -15*t = -3*b - 10*t + 246. What is the remainder when b is divided by 6?
5
Suppose -5*x + 50 = -0*x. Calculate the remainder when x is divided by 6.
4
Let b = -253 - -396. Calculate the remainder when b is divided by 29.
27
Let t(y) = -y**2 - 9*y - 2. Suppose 0 = -4*n + 5*a - 17, -6*n + n + 4*a = 28. What is the remainder when 11 is divided by t(n)?
5
Let u(n) = n**2 - 2*n + 2. Let i be u(2). Suppose -i = -v, v = j - 22 - 46. What is the remainder when j is divided by 24?
22
What is the remainder when -1 + (-1 - -4) - (-2 + -4) is divided by 6?
2
Let x(d) = -d - 1. Let t be x(-5). Calculate the remainder when 8 is divided by 6/(-12) + 14/t.
2
Let p(c) = -c**2 + 18. What is the remainder when 27 is divided by p(0)?
9
Let d(m) = m**2 + m - 1. Suppose -3*b - 20 = 2*n, 2*b - n = -b - 17. Let h be d(b). Let q = 20 + h. What is the remainder when q is divided by 13?
10
Let r be 9 + ((-3)/(-3) - 2). Suppose 0*a = -4*a + r. What is the remainder when a*1*10/4 is divided by 2?
1
Let g(m) = 3*m**2 - 15*m - 5. Calculate the remainder when g(8) is divided by 14.
11
Suppose 5*o - 32 = 13. Let p(x) = x**2 + x - 2. Let w be p(-2). Suppose -4*n + o = -2*j - 21, 3*n - 4*j - 20 = w. What is the remainder when 14 is divided by n?
6
Let